Let w(j) = -j**2 + 10*j - 12. Let n = 61 + -19. Let y = 46 - n. Suppose y*o - 3*u - 48 = 0, 0 = -4*u - 4 - 12. What is w(o)?
-3
Let x(p) be the first derivative of -p**6/360 - p**5/120 - 13*p**4/24 + p**3/3 - 16*p - 1. Let a(z) be the third derivative of x(z). Determine a(0).
-13
Let t(i) = -i**2 + 9*i + 76. Let p be t(-5). Let o(y) = -12*y - 8. Let g(b) = 10*b + 9. Let q(w) = p*o(w) + 7*g(w). Calculate q(10).
-5
Let d = 4065 + -4046. Let q(b) = 48*b - 913. Determine q(d).
-1
Let t(l) = -15*l + 143. Let k(p) = 31*p - 270. Let m(q) = -6*k(q) - 11*t(q). Determine m(3).
-16
Let g(d) be the third derivative of -7*d**4/4 + 82*d**3/3 - 297*d**2. Let m be g(4). Let q(p) be the first derivative of 2*p**2 + 3*p + 1. Give q(m).
-13
Suppose 5*x + 40 = 9*x. Let b(v) = v**3 - 11*v**2 + 9*v + 24. Let c be b(x). Suppose 3*d - 3 = 3*p, 4*p + 4*d = 6*d - c. Let q(t) = -t**2 - 6*t - 2. Give q(p).
-2
Let w(q) = -37*q**2 - 12*q - 4. Let h(u) = -u**2 + 3*u + 1. Let a(j) = -8*h(j) - 2*w(j). Give a(1).
82
Suppose n - 41 = -2*v, -3*n + 2*n = -v - 44. Suppose -66 = -p - 3*y + 22, 2*p - 173 = -3*y. Let q(t) = -45*t - 6 - n*t + p*t. Calculate q(-5).
9
Let i(n) be the third derivative of n**4/24 - 2*n**3 + 26*n**2 - 2. Give i(7).
-5
Let i(x) be the second derivative of x**4/6 - x**2 + 5*x + 7. Let b = -11 - -7. Let v be b/5 + 84/30. Determine i(v).
6
Suppose 42000 = 17*w + 4*w. Let q be w/(-340) - 4/34. Let j(i) be the second derivative of i**5/20 + i**4/2 + 3*i**2 + i. Give j(q).
6
Let s(t) = -5*t**2 - 45*t - 27. Let y(n) = -n**2 - 10*n - 6. Let k(j) = 2*s(j) - 9*y(j). Suppose 0*o = x + o - 3, -o = 2*x - 4. Determine k(x).
-1
Let b(j) be the second derivative of -j**3/3 - j**2/2 - 124*j. Suppose 49 = -11*k + 16. Determine b(k).
5
Let t(w) = w**2 + 8*w - 9. Let y(f) = -6*f - 33. Let c be y(-6). Suppose 0*k - c*s = -2*k - 27, -4*s = 3*k + 15. Calculate t(k).
0
Let j(g) = -33308570 + 33308590 - 4*g**3 + 3*g**3 + 16*g + 15*g**2. Give j(16).
20
Let f(v) be the first derivative of 20 + 0*v**2 + 4*v - v**3 + 1/4*v**4. Let i be (6/(-4))/(-4*(-5)/(-40)). Calculate f(i).
4
Let q = 9115 - 9113. Let s(g) be the second derivative of -26*g + 4*g**q + 0*g**3 + 0 - 1/12*g**4. Calculate s(0).
8
Let b(v) be the first derivative of v**5/20 + v**4/2 + 5*v**3/6 + v**2 - 51*v - 31. Let m(i) be the first derivative of b(i). Determine m(-5).
2
Let c(d) = -16*d**2 - 332*d**3 + 18*d - 23 + 331*d**3 - 38*d. Determine c(-15).
52
Suppose 0 = 58*a - 930 + 466. Let f(j) = 9*j**2 - 1 - 8*j + 1 - j**3 + 7. What is f(a)?
7
Suppose 0 = 3*c + 2*l - 1, 10 = 2*c + 4*l + 4. Let w(k) = -3*k + 64. Let b be w(9). Let p(o) = -2*o - 2*o**2 - 1 - 27*o**3 + b*o**3 - 27*o**3. Give p(c).
16
Let x(y) = 5*y**3 - y**2 + 11*y + 6. Let t = 42 + -116. Let z = 79 + t. Let f(q) = -3*q**3 + q**2 - 7*q - 4. Let u(s) = z*x(s) + 8*f(s). What is u(-2)?
4
Let m(i) be the first derivative of -i**4/4 - 4*i**3 - 15*i**2/2 - 45*i - 1364. Calculate m(-11).
-1
Let q be (-2)/(-18) + (-4667)/(-117). Let o be 2*((-33)/9 + q/24). Let w(f) be the first derivative of -f**4/4 - 4*f**3/3 - f**2/2 + 3*f - 1. Determine w(o).
7
Suppose 0 = 6*h - 43 + 25. Let j(c) = -16 - h*c**2 + 18 + 2*c**2 - 18 - 17. Calculate j(0).
-33
Suppose 0 = 5*m + 3*j - 15, 5*m - 3*j + 8*j - 25 = 0. Suppose 10*k + 5 - 55 = m. Let v(c) be the first derivative of 2*c**3/3 - 3*c**2 - 4*c - 8. Give v(k).
16
Let l = 6 - 2. Suppose -2*o - 17 = -5*v, -o = l*o + v - 25. Let m(p) = 32 + 36 - 19*p + 15*p - 64. What is m(o)?
-12
Let u(x) = 38*x - 81. Let n = -370 + 372. Give u(n).
-5
Let p = 2754 + -2752. Let x(m) be the first derivative of m + 1/2*m**p + 12 - m**3. What is x(-2)?
-13
Suppose -61*j + 2*f + 12 = -63*j, -f - 15 = 2*j. Let p(u) = -u**3 - 9*u**2 - 2*u + 2. Give p(j).
20
Let f(y) = -y**3 + 2 - 5*y**2 - 2*y - 3*y + y. Let p(n) = n**2 - 6*n - 4. Let h be p(7). Suppose 0*g + 27 = -3*a - 5*g, -h*a + 3 = -5*g. What is f(a)?
2
Suppose 5*o = 5*v - 30, v + 4*o + 8 = -6. Let s(z) = -3*z + 1 + 52*z**2 + 5*z - z - 45*z**v. Let y be s(-1). Let b(c) = -c**3 + 7*c**2 + c + 8. What is b(y)?
15
Let j(r) = -r**3 + 6*r - 1. Let v(y) = 2*y**2 - 29*y - 1. Let l be v(13). Let c = 42 + l. What is j(c)?
3
Let k be (-9)/(-21) + (-68)/28. Let f(l) be the second derivative of -l**5/10 - l**4/3 - l**3/6 + l**2 - 1955*l. Give f(k).
4
Let n(h) be the second derivative of h**4/12 + 11*h**3/6 + 13*h**2/2 + 4906*h. Calculate n(-7).
-15
Let j(d) = -3*d + 2. Suppose -5*s + 4*o = -292, 5 - 1 = 2*o. Let w = s - 56. Let r be ((-5)/((-10)/w))/(4/(-6)). Determine j(r).
11
Let x = -154 + 156. Let f(q) = -1 + 0*q**2 + 16*q - 14*q + 2*q**x. Determine f(-2).
3
Let m(b) = -3*b**2 - 19*b - 7. Suppose -19*i + 24*i = -40, 0 = 2*f - 2*i - 4. Give m(f).
-1
Let s(b) be the third derivative of b**6/120 - b**5/20 - b**4/2 + b**3/2 + b**2 + 864*b - 2. Calculate s(6).
39
Let b(f) = -2*f**3 + 2*f**2 - 3*f + 1. Let c(m) = 3*m**3 - 6*m**2 - 36*m + 4. Let t be c(7). Let k = -486 + t. Determine b(k).
-2
Let l(j) = j**2 + 36*j + 221. Let x(p) = p**3 - 34*p**2 - 3*p - 1148. Let r be x(35). Calculate l(r).
-3
Let w(b) = -b - 19. Let c = 487 - 424. Suppose c = 8*k - 15*k. What is w(k)?
-10
Let r(x) = x**3 - 8*x**2 - 10*x + 11. Let c be r(9). Suppose c*p = 6*p - 12. Let v(l) = l**2 + l + 1. What is v(p)?
13
Suppose -50*j - 198 = -32*j. Let h(y) = y**3 + 14*y**2 + y - 2. Let b(i) = -2*i**3 - 27*i**2 - 2*i + 2. Let z(f) = -3*b(f) - 5*h(f). Give z(j).
-7
Let u(m) = 27*m**2 - 2*m. Suppose 13 = -3*k + s, 0 = 4*k + 3*s - 693 + 680. Calculate u(k).
112
Let f(q) = 6*q - 14. Suppose -u + 3*k = -5, -6*u - 28 = -8*u - 3*k. Give f(u).
52
Suppose -17*s + 18*s = -2. Let j be (-18)/s*(8/(-3) - -2). Let g(l) be the second derivative of l**3/6 - 3*l**2/2 - 3*l. Determine g(j).
-9
Let l(j) = 4*j - 6. Let p(k) be the first derivative of 5*k**2/2 - 5*k - 72. Let z(s) = -4*l(s) + 3*p(s). Give z(0).
9
Let k(h) = -11*h**3 + 5*h**2 + 9*h. Let g(q) = 13*q**3 - 6*q**2 - 12*q. Let b(t) = -4*g(t) - 5*k(t). Give b(-2).
-34
Let u(l) = -21*l + 14. Let w(z) = -z - 4*z - 5*z - 19 + 25. Let q(n) = -6*u(n) + 14*w(n). Give q(1).
-14
Let m(z) = 16*z**2 + 27*z - 157. Let v(s) = -3*s**2 - 4*s + 29. Let j(c) = 2*m(c) + 11*v(c). Let r = -5 - -14. Give j(r).
14
Let w(x) = -7 + x**2 + 7 - x + 2 + 4. Let l be (-16)/(-104) - 2/13. Calculate w(l).
6
Let r(f) be the second derivative of f**5/60 + 5*f**4/12 - 2*f**3/3 - 33*f**2/2 + 12*f + 4. Let k(a) be the second derivative of r(a). What is k(0)?
10
Let b be (1 - 19 - -18)/(1*3). Let u(v) be the third derivative of -1/120*v**6 + b + 0*v - 13*v**2 + 1/12*v**5 + v**3 - 7/24*v**4. Give u(4).
-6
Suppose -6*b + 56 - 290 = 0. Let w = b - -40. Let x(q) = -20*q + 4. Let c(u) = -56*u + 11. Let l(g) = 3*c(g) - 8*x(g). What is l(w)?
-7
Let s(v) = -30*v + 65. Let m be s(-3). Let i(p) = 15*p - m - 151 + 309. Calculate i(-2).
-27
Suppose -108*b = -2*g - 100*b - 10, -3*b + 37 = g. Let h(f) be the second derivative of 0 - 1/6*f**4 - 1/2*f**2 + 0*f**3 - g*f. Calculate h(-1).
-3
Let w(p) = 3*p**2 - 52*p - 91. Let n be w(19). Let c(i) = i**3 - 6*i**2 + 5*i + 4. Determine c(n).
-8
Suppose 8 + 22 = 6*q. Let u(w) = -18 + 0 + 1 + 4*w**2 - q*w**2. What is u(0)?
-17
Let t(i) = 4*i**2 + 7*i - 4. Suppose 50*n = 98*n - 53*n, 2*n = m + 2. What is t(m)?
-2
Let m(n) be the second derivative of 0 - 105*n - n**2 - 1/6*n**3. What is m(7)?
-9
Let n(m) be the second derivative of 2*m**2 + 2/3*m**3 + 10 - 5*m. Let h = -4 - 1. Determine n(h).
-16
Let c(t) = -5*t + 4. Let o(n) = -n**3 - n**2 + 4*n + 1. Let u be o(-2). Let s be -6 - (3/u - 2). Determine c(s).
19
Let s(d) = -4*d**2 + d + 262 - 65 - 61 - 61 - 81. Give s(0).
-6
Let v(r) = -2*r. Let y = -85 - -91. Let k(d) = 13*d - 14. Let j(f) = y*v(f) + k(f). Let m be 23/4 + (-4)/(-16). Give j(m).
-8
Let h(s) = 11*s - 6872742*s**2 - 8 + 6872741*s**2 - 6. What is h(5)?
16
Suppose -41 = 5*c - n, -c - 5*n - 3 + 0 = 0. Let f(d) = -5*d - 12 - 4*d + 5*d**2 - 6*d**2. Calculate f(c).
-4
Let z(x) = -x**3 + 13*x**2 + x - 15. Suppose 29*u + 10941 = -5444. Let y = -552 - u. Calculate z(y).
-2
Let p(s) be the first derivative of -s**4/4 + 4*s**3 - 7*s**2 - 18*s + 801. What is p(11)?
-51
Let c = 130 - 133. Let g(x) = 2*x**2 + 17*x + 11. Let v(o) = o**2 + 9*o + 6. Let l(b) = c*g(b) + 5*v(b). Determine l(-4).
5
Let h be 8/(-18)*3/(